{"id":34,"date":"2020-01-09T12:54:23","date_gmt":"2020-01-09T11:54:23","guid":{"rendered":"http:\/\/renner-hinteregger.at\/?page_id=34"},"modified":"2022-03-02T14:49:02","modified_gmt":"2022-03-02T13:49:02","slug":"mentaltraining","status":"publish","type":"page","link":"http:\/\/renner-hinteregger.at\/?page_id=34","title":{"rendered":"Mentaltraining"},"content":{"rendered":"\n<blockquote class=\"wp-block-quote has-text-align-center is-style-default is-layout-flow wp-block-quote-is-layout-flow\"><p>&#8222;Deine <strong>Gedanken<\/strong> haben gro\u00dfe Kraft.  Sie k\u00f6nnen dich schw\u00e4chen oder dich <strong>st\u00e4rken<\/strong>, sie k\u00f6nnen dich in deiner Entwicklung hemmen oder dir <strong>Fl\u00fcgel verleihen<\/strong>!&#8220;<\/p><cite>Buddhistische Weisheit<\/cite><\/blockquote>\n\n\n\n<h2 class=\"wp-block-heading\"><strong><em>Mein Angebot<\/em><\/strong><\/h2>\n\n\n\n<h3 class=\"has-luminous-vivid-orange-color has-text-color wp-block-heading\"><strong>Mentaltraining bei Pr\u00fcfungsangst<\/strong>,<strong> Lampenfieber, Konzentrationsschwierigkeiten<\/strong><\/h3>\n\n\n\n<p>Ich helfe Kindern, Jugendlichen und Erwachsenen Strategien zu entwickeln, um sich optimal auf eine Pr\u00fcfung oder auf einen Auftritt vorzubereiten, in Pr\u00fcfungssituationen oder vor Publikum gelassener zu bleiben und um das Gelernte erfolgreich wiederzugeben.<\/p>\n\n\n\n<h3 class=\"has-luminous-vivid-orange-color has-text-color wp-block-heading\"><strong>Sportmentaltraining<\/strong><\/h3>\n\n\n\n<p>Ich helfe Sportlern unter anderem ihre mentale St\u00e4rke zu finden, ihre mentale Widerstandskraft zu festigen und ihre Ziele zu definieren.  <\/p>\n\n\n\n<h3 class=\"has-luminous-vivid-orange-color has-text-color wp-block-heading\"><strong>Mentaltraining f\u00fcr den Alltag<\/strong><\/h3>\n\n\n\n<p>Ich begleite  Menschen mental im immer anspruchsvoller werdenden Alltag, und bringe sie mit mentalen und \/ oder k\u00f6rperlichen \u00dcbungen in Verbindung mit Gespr\u00e4chen in ihre Mitte. <\/p>\n\n\n\n<p><\/p>\n","protected":false},"excerpt":{"rendered":"<p>&#8222;Deine Gedanken haben gro\u00dfe Kraft. Sie k\u00f6nnen dich schw\u00e4chen oder dich st\u00e4rken, sie k\u00f6nnen dich in deiner Entwicklung hemmen oder dir Fl\u00fcgel verleihen!&#8220; Buddhistische Weisheit Mein Angebot Mentaltraining bei Pr\u00fcfungsangst, Lampenfieber, Konzentrationsschwierigkeiten Ich helfe Kindern, Jugendlichen und Erwachsenen Strategien zu entwickeln, um sich optimal auf eine Pr\u00fcfung oder auf einen Auftritt vorzubereiten, in Pr\u00fcfungssituationen oder &hellip; <\/p>\n<p class=\"link-more\"><a href=\"http:\/\/renner-hinteregger.at\/?page_id=34\" class=\"more-link\"><span class=\"screen-reader-text\">\u201eMentaltraining\u201c<\/span> weiterlesen<\/a><\/p>\n","protected":false},"author":1,"featured_media":321,"parent":0,"menu_order":0,"comment_status":"closed","ping_status":"closed","template":"","meta":{"footnotes":""},"class_list":["post-34","page","type-page","status-publish","has-post-thumbnail","hentry"],"_links":{"self":[{"href":"http:\/\/renner-hinteregger.at\/index.php?rest_route=\/wp\/v2\/pages\/34","targetHints":{"allow":["GET"]}}],"collection":[{"href":"http:\/\/renner-hinteregger.at\/index.php?rest_route=\/wp\/v2\/pages"}],"about":[{"href":"http:\/\/renner-hinteregger.at\/index.php?rest_route=\/wp\/v2\/types\/page"}],"author":[{"embeddable":true,"href":"http:\/\/renner-hinteregger.at\/index.php?rest_route=\/wp\/v2\/users\/1"}],"replies":[{"embeddable":true,"href":"http:\/\/renner-hinteregger.at\/index.php?rest_route=%2Fwp%2Fv2%2Fcomments&post=34"}],"version-history":[{"count":30,"href":"http:\/\/renner-hinteregger.at\/index.php?rest_route=\/wp\/v2\/pages\/34\/revisions"}],"predecessor-version":[{"id":897,"href":"http:\/\/renner-hinteregger.at\/index.php?rest_route=\/wp\/v2\/pages\/34\/revisions\/897"}],"wp:featuredmedia":[{"embeddable":true,"href":"http:\/\/renner-hinteregger.at\/index.php?rest_route=\/wp\/v2\/media\/321"}],"wp:attachment":[{"href":"http:\/\/renner-hinteregger.at\/index.php?rest_route=%2Fwp%2Fv2%2Fmedia&parent=34"}],"curies":[{"name":"wp","href":"https:\/\/api.w.org\/{rel}","templated":true}]}}